{"id":90,"date":"2018-02-02T06:00:15","date_gmt":"2018-02-02T05:00:15","guid":{"rendered":"https:\/\/www.gihag.at\/wp2\/?page_id=90"},"modified":"2019-06-07T20:36:10","modified_gmt":"2019-06-07T18:36:10","slug":"nutzungsbedingungen","status":"publish","type":"page","link":"https:\/\/www.gihag.at\/wp2\/nutzungsbedingungen\/","title":{"rendered":"Nutzungsbedingungen"},"content":{"rendered":"\n<h1>Nutzungsbedingungen<\/h1>\n\n\n\n<p><a href=\"#haftungsausschluss\">Haftungsausschluss<\/a>, <a href=\"#urheberrecht\">Urheberrecht<\/a>, <a href=\"#copyright\">Copyright<\/a><\/p>\n\n\n<ul>\n<li id=\"haftungsausschluss\" tabindex=\"-1\">\n<h1><span class=\"textboxtmain_highlight_text_bold\">Haftungsausschluss<\/span><\/h1>\n<\/li>\n<\/ul>\n<p style=\"text-align: justify;\">Auf dieser Website enthaltene Verkn\u00fcpfungen mit Websites anderer (Drittanbieter) werden lediglich im Interesse des Benutzers bereitgestellt. F\u00fcr die Verlinkung auf andere Websites und deren Inhalte \u00fcbernimmt gihag.at keine wie immer geartete Haftung.<\/p>\n<p style=\"text-align: justify;\">F\u00fcr die Richtigkeit, Vollst\u00e4ndigkeit, Rechtm\u00e4\u00dfigkeit, Objektivit\u00e4t und Aktualit\u00e4t der auf der gihag.at Website angebotenen Inhalte \u00fcbernimmt gihag.at keine wie immer geartete Gew\u00e4hrleistung. gihag.at hat das Recht jederzeit ohne vorherige Ank\u00fcndigung Anpassungen, \u00c4nderungen und L\u00f6schungen der Website in ihrer Gesamtheit sowie der auf ihr pr\u00e4sentierten Inhalte vorzunehmen.<\/p>\n<p style=\"text-align: justify;\">gihag.at und Partner bzw. die mit ihr in gesch\u00e4ftlicher oder anderweitig in Verbindung stehenden dritten Personen bzw. Unternehmen \u00fcbernehmen keine wie immer geartete Haftung f\u00fcr jedwede Art von Sch\u00e4den (insbesondere f\u00fcr positive Sch\u00e4den, entgangenen Gewinn, frustrierte Aufwendungen, Datenbesch\u00e4digung, Datenverlust, Gesch\u00e4ftsausfall, bereicherungsrechtliche Anspr\u00fcche, Kosten aus Rechtsberatung und Vertragserrichtung u.a.), die durch die Nutzung der Website, durch die vor\u00fcbergehende oder dauerhafte Unm\u00f6glichkeit der Nutzung der Website, durch die eingeschr\u00e4nkte Verf\u00fcgbarkeit der Website bzw. der darauf befindlichen Inhalte, durch die fehlerhafte Darstellung von Inhalten, durch die Darstellung fremder Inhalte sowie durch die Darstellung von Hyperlinks auf der gihag.at Website verursacht werden.<\/p>\n<p style=\"text-align: justify;\">Im Fall der Besch\u00e4digung bzw. Vernichtung von Hardware, Software und anderen Datenbest\u00e4nden, die durch die Nutzung der gihag.at Website bzw. deren Inhalt verursacht wurde, trifft gihag.at keine wie immer geartete Haftung. Diese Bestimmung (Rechtsanwendung) gilt ungeachtet der Rechtsgrundlage, welche zur Ableitung des Anspruchs herangezogen wird, ungeachtet des grades des Verschuldens und unabh\u00e4ngig von der Frage, ob gihag.at und Partnerunternehmen bzw. die mit ihr in gesch\u00e4ftlicher oder anderweitig in Verbindung stehenden dritten Personen bzw. Unternehmen von der M\u00f6glichkeit eines Schadens wussten oder wissen h\u00e4tten m\u00fcssen. Insbesondere wird weder f\u00fcr Anspr\u00fcche aus Vertrag noch f\u00fcr au\u00dfervertragliche Anspr\u00fcche gehaftet.<\/p>\n<p style=\"text-align: justify;\">Sollten Bestimmungen auf gihag.at unwirksam sein oder werden, so ber\u00fchrt dies die Wirksamkeit der \u00fcbrigen Bestimmungen nicht. Die Parteien verpflichten sich, anstelle einer unwirksamen Bestimmung eine g\u00fcltige Vereinbarung zu treffen, der gihag.at klag- und schadlos h\u00e4lt.<\/p>\n<ul>\n<li id=\"urheberrecht\" tabindex=\"-1\">\n<h1>Urheberrecht<\/h1>\n<\/li>\n<\/ul>\n<p style=\"text-align: justify;\">Die auf der gihag.at Website angebotenen und unentgeltlich zur Verf\u00fcgung gestellten Inhalte d\u00fcrfen nur zu Informationszwecken verwendet werden und nicht kommerziell verwertet werden. In jeder Kopie des Inhalts (dies gilt auch f\u00fcr Ausz\u00fcge) muss auf alle Urheber- und sonstigen Eigentumsrechte der urspr\u00fcnglichen Inhalte hingewiesen werden.<\/p>\n<p style=\"text-align: justify;\">Die Inhalte dieser Website d\u00fcrfen in keiner Weise ver\u00e4ndert und nicht f\u00fcr offizielle oder kommerzielle Zwecke vervielf\u00e4ltigt oder \u00f6ffentlich gezeigt, vorgef\u00fchrt, verbreitet oder anderweitig genutzt werden.<\/p>\n<p style=\"text-align: justify;\">Die Nutzung der Inhalte dieser Website auf einer anderen Website bzw. in Netzwerkumgebungen ist untersagt. Die Inhalte dieser Website sind urheberrechtlich gesch\u00fctzt. Jede unerlaubte Nutzung der Inhalte dieser Website kann gegen urheber-, warenzeichenrechtliche oder sonstige gesetzlichen Regelungen versto\u00dfen.<\/p>\n<p style=\"text-align: justify;\">Alle auf der gihag.at Website wiedergegebenen Informationen und Inhalte (Texte, Grafiken, Logos, Videofilme, Musikst\u00fccke u.a.) sind urheberrechtlich gesch\u00fctzt. Die hier wiedergegebenen Informationen und Inhalte d\u00fcrfen au\u00dfer f\u00fcr pers\u00f6nliche Zwecke in keiner anderen Weise verwendet werden. Wenn nichts anderes schriftlich vereinbart wurde, liegen s\u00e4mtliche wie immer geartete Verwertungsrechte ausschlie\u00dflich beim Urheber. Insbesondere die Rechte zur Vervielf\u00e4ltigung, Ver\u00e4nderung, Verbreitung, Vermietung, Verleihung und Sendung in welcher Form auch immer liegen ausschlie\u00dflich beim Urheber. gihag.at beh\u00e4lt sich alle Rechte vor. Verletzungen des Urheberrechts werden im Rechtsweg verfolgt.<\/p>\n<ul>\n<li id=\"copyright\" tabindex=\"-1\">\n<h1>Copyright<\/h1>\n<\/li>\n<\/ul>\n<p>\u00a9 2018 www.gihag.at.<br \/>Alle Rechte vorbehalten.<br \/>Die Urheberrechte dieser Website liegen vollst\u00e4ndig bei der gihag.at.<\/p>","protected":false},"excerpt":{"rendered":"<p>Nutzungsbedingungen Haftungsausschluss, Urheberrecht, Copyright Haftungsausschluss Auf dieser Website enthaltene Verkn\u00fcpfungen mit Websites anderer (Drittanbieter) werden lediglich im Interesse des Benutzers bereitgestellt. F\u00fcr die Verlinkung auf andere Websites und deren Inhalte \u00fcbernimmt gihag.at keine wie immer geartete Haftung. F\u00fcr die Richtigkeit, Vollst\u00e4ndigkeit, Rechtm\u00e4\u00dfigkeit, Objektivit\u00e4t und Aktualit\u00e4t der auf der gihag.at Website angebotenen Inhalte \u00fcbernimmt gihag.at keine wie immer geartete Gew\u00e4hrleistung. gihag.at hat das Recht jederzeit ohne vorherige Ank\u00fcndigung Anpassungen, \u00c4nderungen und L\u00f6schungen der Website in ihrer Gesamtheit sowie der auf ihr pr\u00e4sentierten Inhalte vorzunehmen. gihag.at und Partner bzw. die mit ihr in gesch\u00e4ftlicher oder anderweitig in Verbindung stehenden dritten Personen bzw. Unternehmen \u00fcbernehmen keine wie immer geartete Haftung f\u00fcr jedwede Art [&hellip;]<\/p>\n","protected":false},"author":1,"featured_media":0,"parent":0,"menu_order":0,"comment_status":"closed","ping_status":"closed","template":"","meta":{"ocean_post_layout":"","ocean_both_sidebars_style":"","ocean_both_sidebars_content_width":0,"ocean_both_sidebars_sidebars_width":0,"ocean_sidebar":"0","ocean_second_sidebar":"0","ocean_disable_margins":"enable","ocean_add_body_class":"","ocean_shortcode_before_top_bar":"","ocean_shortcode_after_top_bar":"","ocean_shortcode_before_header":"","ocean_shortcode_after_header":"","ocean_has_shortcode":"","ocean_shortcode_after_title":"","ocean_shortcode_before_footer_widgets":"","ocean_shortcode_after_footer_widgets":"","ocean_shortcode_before_footer_bottom":"","ocean_shortcode_after_footer_bottom":"","ocean_display_top_bar":"default","ocean_display_header":"default","ocean_header_style":"","ocean_center_header_left_menu":"0","ocean_custom_header_template":"0","ocean_custom_logo":0,"ocean_custom_retina_logo":0,"ocean_custom_logo_max_width":0,"ocean_custom_logo_tablet_max_width":0,"ocean_custom_logo_mobile_max_width":0,"ocean_custom_logo_max_height":0,"ocean_custom_logo_tablet_max_height":0,"ocean_custom_logo_mobile_max_height":0,"ocean_header_custom_menu":"0","ocean_menu_typo_font_family":"0","ocean_menu_typo_font_subset":"","ocean_menu_typo_font_size":0,"ocean_menu_typo_font_size_tablet":0,"ocean_menu_typo_font_size_mobile":0,"ocean_menu_typo_font_size_unit":"px","ocean_menu_typo_font_weight":"","ocean_menu_typo_font_weight_tablet":"","ocean_menu_typo_font_weight_mobile":"","ocean_menu_typo_transform":"","ocean_menu_typo_transform_tablet":"","ocean_menu_typo_transform_mobile":"","ocean_menu_typo_line_height":0,"ocean_menu_typo_line_height_tablet":0,"ocean_menu_typo_line_height_mobile":0,"ocean_menu_typo_line_height_unit":"","ocean_menu_typo_spacing":0,"ocean_menu_typo_spacing_tablet":0,"ocean_menu_typo_spacing_mobile":0,"ocean_menu_typo_spacing_unit":"","ocean_menu_link_color":"","ocean_menu_link_color_hover":"","ocean_menu_link_color_active":"","ocean_menu_link_background":"","ocean_menu_link_hover_background":"","ocean_menu_link_active_background":"","ocean_menu_social_links_bg":"","ocean_menu_social_hover_links_bg":"","ocean_menu_social_links_color":"","ocean_menu_social_hover_links_color":"","ocean_disable_title":"default","ocean_disable_heading":"default","ocean_post_title":"","ocean_post_subheading":"","ocean_post_title_style":"","ocean_post_title_background_color":"","ocean_post_title_background":0,"ocean_post_title_bg_image_position":"","ocean_post_title_bg_image_attachment":"","ocean_post_title_bg_image_repeat":"","ocean_post_title_bg_image_size":"","ocean_post_title_height":0,"ocean_post_title_bg_overlay":0.5,"ocean_post_title_bg_overlay_color":"","ocean_disable_breadcrumbs":"default","ocean_breadcrumbs_color":"","ocean_breadcrumbs_separator_color":"","ocean_breadcrumbs_links_color":"","ocean_breadcrumbs_links_hover_color":"","ocean_display_footer_widgets":"default","ocean_display_footer_bottom":"default","ocean_custom_footer_template":"0","osh_disable_topbar_sticky":"default","osh_disable_header_sticky":"default","osh_sticky_header_style":"default","osh_sticky_header_effect":"","osh_custom_sticky_logo":0,"osh_custom_retina_sticky_logo":0,"osh_custom_sticky_logo_height":0,"osh_background_color":"","osh_links_color":"","osh_links_hover_color":"","osh_links_active_color":"","osh_links_bg_color":"","osh_links_hover_bg_color":"","osh_links_active_bg_color":"","osh_menu_social_links_color":"","osh_menu_social_hover_links_color":"","footnotes":""},"class_list":["post-90","page","type-page","status-publish","hentry","entry"],"_links":{"self":[{"href":"https:\/\/www.gihag.at\/wp2\/wp-json\/wp\/v2\/pages\/90","targetHints":{"allow":["GET"]}}],"collection":[{"href":"https:\/\/www.gihag.at\/wp2\/wp-json\/wp\/v2\/pages"}],"about":[{"href":"https:\/\/www.gihag.at\/wp2\/wp-json\/wp\/v2\/types\/page"}],"author":[{"embeddable":true,"href":"https:\/\/www.gihag.at\/wp2\/wp-json\/wp\/v2\/users\/1"}],"replies":[{"embeddable":true,"href":"https:\/\/www.gihag.at\/wp2\/wp-json\/wp\/v2\/comments?post=90"}],"version-history":[{"count":0,"href":"https:\/\/www.gihag.at\/wp2\/wp-json\/wp\/v2\/pages\/90\/revisions"}],"wp:attachment":[{"href":"https:\/\/www.gihag.at\/wp2\/wp-json\/wp\/v2\/media?parent=90"}],"curies":[{"name":"wp","href":"https:\/\/api.w.org\/{rel}","templated":true}]}}