{"id":59,"date":"2018-02-02T06:00:17","date_gmt":"2018-02-02T05:00:17","guid":{"rendered":"https:\/\/www.gihag.at\/wp2\/?page_id=59"},"modified":"2020-01-02T12:05:19","modified_gmt":"2020-01-02T11:05:19","slug":"legistik2019","status":"publish","type":"page","link":"https:\/\/www.gihag.at\/wp2\/legistik2019\/","title":{"rendered":"Legistik2019"},"content":{"rendered":"<h1>Legistik Neu<\/h1>\n<hr>\n<p>Rechte betreffend das <a href=\"https:\/\/www.gihag.at\/wp2\/wp-content\/uploads\/mydata\/legistik\/3011_stmk\/landesrecht\/LGBLA_ST_20160201_15.pdf\" target=\"_blank\" rel=\"noopener noreferrer\">Steierm\u00e4rkisches Hebeanlagengesetz 2015 &#8211; StHebAG, LGBl. Stmk. 15 01.Feb.2016<\/a><\/p>\n<hr>\n<h2><img decoding=\"async\" class=\"alignleft wp-image-566\" src=\"https:\/\/www.gihag.at\/wp2\/wp-content\/uploads\/mydata\/medien\/01_logos\/Europe-flag-legistik_1280x853_BodoniMT288-300x200.png\" alt=\"\" width=\"200\" height=\"133\">EU-Recht<\/h2>\n<p><a href=\"http:\/\/eur-lex.europa.eu\/legal-content\/DE\/TXT\/HTML\/?uri=CELEX:31995H0216&amp;from=DE\" target=\"_blank\" rel=\"noopener noreferrer\">31995H0216 95\/216\/EG: Empfehlung der Kommission vom 8. Juni 1995 \u00fcber die Verbesserung der Sicherheit der vorhandenen Aufz\u00fcge<\/a><br \/>\n<a href=\"https:\/\/eur-lex.europa.eu\/LexUriServ\/LexUriServ.do?uri=CELEX:32014L0033:DE:HTML\" target=\"_blank\" rel=\"noopener noreferrer\">32014L0033 EU Richtlie 2014\/33 unter diese Richtlinie fallen Aufz\u00fcge die beim Inverkehrbringen neu auf den Markt der Union gelangen<\/a><\/p>\n<h3><\/h3>\n<h3>Erl\u00e4uterungen zum Verst\u00e4ndnis:<\/h3>\n<h4 style=\"text-align: left;\"><a href=\"https:\/\/eur-lex.europa.eu\/collection\/eu-law\/legislation\/recent.html?locale=de\" target=\"_blank\" rel=\"noopener noreferrer\">Rechtsakte:<\/a><\/h4>\n<ul>\n<li style=\"list-style-type: none;\">\n<ul>\n<li><strong>nicht verbindliche<\/strong> Instrumente (<strong>Empfehlungen<\/strong>, Entschlie\u00dfungen, Stellungnahmen)<\/li>\n<li><strong>verbindliche<\/strong> Rechtsinstrumente (Verordnungen, Richtlinien und Beschl\u00fcsse\/Entscheidungen)<\/li>\n<\/ul>\n<\/li>\n<\/ul>\n<ul>\n<li style=\"text-align: left;\"><strong>andere<\/strong> Instrumente (interne Vorschriften der EU-Institutionen, EU-Aktionsprogramme usw.)<\/li>\n<\/ul>\n<h4>&nbsp;Nummernsystem von EUR-Lex-Dokumenten:<\/h4>\n<ul>\n<li><a href=\"https:\/\/eur-lex.europa.eu\/content\/help\/faq\/celex-number.html?locale=de\" target=\"_blank\" rel=\"noopener noreferrer\">Was ist eine Celexnummer?<\/a><\/li>\n<li><a href=\"https:\/\/www.gihag.at\/wp2\/wp-content\/uploads\/mydata\/legistik\/1011_eu\/celex-bilder\/Celexnummern-Aufbau-GIHAG.png\" target=\"_blank\" rel=\"noopener noreferrer\">GIHAG betreffende Celexnummernaufbau<\/a><\/li>\n<li><a href=\"https:\/\/eur-lex.europa.eu\/content\/tools\/TableOfSectors\/types_of_documents_in_eurlex.html\" target=\"_blank\" rel=\"noopener noreferrer\">Vollst\u00e4ndige Liste der Deskriptoren<\/a><\/li>\n<li><a href=\"https:\/\/eur-lex.europa.eu\/collection\/n-law\/mne.html\" target=\"_blank\" rel=\"noopener noreferrer\">EUR-Lex Schnellsuche<\/a><\/li>\n<\/ul>\n<hr>\n<h2><img decoding=\"async\" class=\"alignleft wp-image-567\" src=\"https:\/\/www.gihag.at\/wp2\/wp-content\/uploads\/mydata\/medien\/01_logos\/Logo_AT_1280x853_BGBL_einfach-300x200.png\" alt=\"\" width=\"200\" height=\"133\">Bundesgesetze<\/h2>\n<p><a href=\"https:\/\/eur-lex.europa.eu\/legal-content\/DE\/NIM\/?uri=CELEX:32014L0033&amp;qid=1527111664719\" target=\"_blank\" rel=\"noopener noreferrer\">Nationale Umsetzung Richtlinie 2014\/33\/EU des Europ\u00e4ischen Parlaments und des Rates vom 26. Februar 2014 zur Angleichung der Rechtsvorschriften der Mitgliedsstaaten \u00fcber Aufz\u00fcge und Sicherheitsbauteile f\u00fcr das <strong>Inverkehrbringen<\/strong> von Aufz\u00fcgen im EWR<\/a><\/p>\n<h4>Nur f\u00fcr Gewerbe:<\/h4>\n<p><a href=\"https:\/\/www.gihag.at\/wp2\/wp-content\/uploads\/mydata\/legistik\/2011_at\/bgbla\/BGBLA_1996_780_0.pdf\" target=\"_blank\" rel=\"noopener noreferrer\">BGBl. 780\/1996, Verordnung des Bundesministers f\u00fcr wirtschaftliche Angelegenheiten und des Bundesministers f\u00fcr Arbeit und Soziales \u00fcber die Sicherheit von Aufz\u00fcgen (Aufz\u00fcge-Sicherheitsverordnung 1996 \u2013 ASV 1996) inkl. Anhang I<\/a><\/p>\n<p><a href=\"https:\/\/www.gihag.at\/wp2\/wp-content\/uploads\/mydata\/legistik\/2011_at\/bgbla\/BGBLA_2005_II_464.pdf\" target=\"_blank\" rel=\"noopener noreferrer\">BGBl. II 464\/2005, Ausgegeben am 28. Dezember 2005 Teil II, 464. Verzeichnis der harmonisierten Normen f\u00fcr die Sicherheit von Aufz\u00fcgen, Kundmachung des Bundesministers f\u00fcr Wirtschaft und Arbeit betreffend das Verzeichnis der harmonisierten Normen f\u00fcr die Sicherheit von Aufz\u00fcgen<\/a><\/p>\n<p><a href=\"https:\/\/www.gihag.at\/wp2\/wp-content\/uploads\/mydata\/legistik\/2011_at\/bgbla\/BGBLA_2005_II_464_Anlage.pdf\" target=\"_blank\" rel=\"noopener noreferrer\">Anlage zu obigen BGBl. II 464\/2005<\/a><\/p>\n<hr>\n<h2><img decoding=\"async\" class=\"alignleft wp-image-568\" src=\"https:\/\/www.gihag.at\/wp2\/wp-content\/uploads\/mydata\/medien\/01_logos\/Logo_Stmk_1280x853_Wappen_Paragraph-300x200.png\" alt=\"\" width=\"200\" height=\"133\">Landesgesetze Steiermark<\/h2>\n<p><a href=\"https:\/\/www.gihag.at\/wp2\/wp-content\/uploads\/mydata\/legistik\/3011_stmk\/landesrecht\/LGBLA_ST_20160201_15.pdf\" target=\"_blank\" rel=\"noopener noreferrer\">Steierm\u00e4rkisches Hebeanlagengesetz 2015 &#8211; StHebAG, LGBl. Stmk. 15 01.Feb.2016<\/a><br \/>\n<a href=\"https:\/\/www.ris.bka.gv.at\/GeltendeFassung.wxe?Abfrage=LrStmk&amp;Gesetzesnummer=20001290\" target=\"_blank\" rel=\"noopener noreferrer\">Steierm\u00e4rkisches Hebeanlagengesetz 2015 \u2013 StHebAG, aktuelle Fassung <\/a><br \/>\n<a href=\"https:\/\/www.gihag.at\/wp2\/wp-content\/uploads\/mydata\/legistik\/3011_stmk\/landesrecht\/StHebAG_20160119_Steiermaerkisches-Hebeanlagengesetz-2015_Pragraf-20.pdf\" target=\"_blank\" rel=\"noopener noreferrer\">Steierm\u00e4rkisches Hebeanlagengesetz 2015 \u2013 StHebAG \u00a720<\/a><br \/>\n<a href=\"https:\/\/www.gihag.at\/wp2\/wp-content\/uploads\/mydata\/legistik\/3011_stmk\/landesrecht\/StHebAG_20151029_Steiermaerkisches-Hebeanlagengesetz-2015_17_342_1_Erlaeuterungen.pdf\" target=\"_blank\" rel=\"noopener noreferrer\">Steierm\u00e4rkisches Hebeanlagengesetz 2015 \u2013 StHebAG siehe Erl\u00e4uterungen Pkt. 4, EZ\/OZ: 342\/1, GZ:ABT13-412\/2015-103; ABT13-12.00-26\/2004-277<\/a><\/p>\n<hr>\n<hr>\n<h2>Organisation &#8211; Verwaltung<\/h2>\n<h3>Das Land Steiermark<\/h3>\n<p><a href=\"http:\/\/www.schuetzenhoefer.steiermark.at\/\" target=\"_blank\" rel=\"noopener noreferrer\">Die Landesregierung &#8211; Der Landeshauptmann<\/a><br \/>\n<a href=\"http:\/\/www.politik.steiermark.at\/cms\/ziel\/5474782\/DE\/\" target=\"_blank\" rel=\"noopener noreferrer\">Die Landesregierung &#8211; Die Regierungsmitglieder<\/a><br \/>\n<a href=\"http:\/\/www.landtag.steiermark.at\/cms\/ziel\/31866695\/DE\/\" target=\"_blank\" rel=\"noopener noreferrer\">Der Landtag &#8211; Die Abgeordneten<\/a><br \/>\n<a href=\"http:\/\/www.landtag.steiermark.at\/cms\/ziel\/122779989\/DE\/\" target=\"_blank\" rel=\"noopener noreferrer\">Der Landtag &#8211; Der Sitzplan<\/a><\/p>\n<p><a href=\"http:\/\/www.verwaltung.steiermark.at\/cms\/ziel\/74837418\/DE\/\" target=\"_blank\" rel=\"noopener noreferrer\">Organigramm Land Steiermark<\/a><br \/>\n<a href=\"http:\/\/www.verwaltung.steiermark.at\/cms\/beitrag\/11682114\/74838392\/\" target=\"_blank\" rel=\"noopener noreferrer\"> Verwaltung Steiermark Legistisches Handbuch<\/a><br \/>\n<a href=\"http:\/\/www.verwaltung.steiermark.at\/cms\/dokumente\/11682114_74838392\/2cc83127\/A_Verfahren.pdf\" target=\"_blank\" rel=\"noopener noreferrer\">Verwaltung Steiermark Legistisches Handbuch Abschnitt A: Verfahren zur Erlassung von Rechtsvorschriften im Bereich des Landes<\/a><\/p>\n<p><a href=\"http:\/\/www.verwaltung.steiermark.at\/cms\/ziel\/74835008\/DE\/\" target=\"_blank\" rel=\"noopener noreferrer\">Landesgesetzblatt<\/a><br \/>\n<a href=\"https:\/\/pallast2.stmk.gv.at\/pallast-p\/pub\/documents?dswid=-2889\" target=\"_blank\" rel=\"noopener noreferrer\">Suchen und Finden von Materialien im Landtag Steiermark<\/a><\/p>\n<hr>\n<h3>Die Stadt Graz<\/h3>\n<p><a href=\"https:\/\/www.graz.at\/cms\/beitrag\/10142612\/7768145\/Gemeinderatssitzungen.html\" target=\"_blank\" rel=\"noopener noreferrer\"> Stadt Graz Gemeinderatssitzungen<\/a><\/p>\n","protected":false},"excerpt":{"rendered":"<p>Legistik Neu Rechte betreffend das Steierm\u00e4rkisches Hebeanlagengesetz 2015 &#8211; StHebAG, LGBl. Stmk. 15 01.Feb.2016 EU-Recht 31995H0216 95\/216\/EG: Empfehlung der Kommission vom 8. Juni 1995 \u00fcber die Verbesserung der Sicherheit der vorhandenen Aufz\u00fcge 32014L0033 EU Richtlie 2014\/33 unter diese Richtlinie fallen Aufz\u00fcge die beim Inverkehrbringen neu auf den Markt der Union gelangen Erl\u00e4uterungen zum Verst\u00e4ndnis: Rechtsakte: nicht verbindliche Instrumente (Empfehlungen, Entschlie\u00dfungen, Stellungnahmen) verbindliche Rechtsinstrumente (Verordnungen, Richtlinien und Beschl\u00fcsse\/Entscheidungen) andere Instrumente (interne Vorschriften der EU-Institutionen, EU-Aktionsprogramme usw.) &nbsp;Nummernsystem von EUR-Lex-Dokumenten: Was ist eine Celexnummer? GIHAG betreffende Celexnummernaufbau Vollst\u00e4ndige Liste der Deskriptoren EUR-Lex Schnellsuche Bundesgesetze Nationale Umsetzung Richtlinie 2014\/33\/EU des Europ\u00e4ischen Parlaments und des Rates vom 26. Februar 2014 zur Angleichung der Rechtsvorschriften [&hellip;]<\/p>\n","protected":false},"author":1,"featured_media":0,"parent":0,"menu_order":0,"comment_status":"closed","ping_status":"closed","template":"","meta":{"ocean_post_layout":"","ocean_both_sidebars_style":"","ocean_both_sidebars_content_width":0,"ocean_both_sidebars_sidebars_width":0,"ocean_sidebar":"0","ocean_second_sidebar":"0","ocean_disable_margins":"enable","ocean_add_body_class":"","ocean_shortcode_before_top_bar":"","ocean_shortcode_after_top_bar":"","ocean_shortcode_before_header":"","ocean_shortcode_after_header":"","ocean_has_shortcode":"","ocean_shortcode_after_title":"","ocean_shortcode_before_footer_widgets":"","ocean_shortcode_after_footer_widgets":"","ocean_shortcode_before_footer_bottom":"","ocean_shortcode_after_footer_bottom":"","ocean_display_top_bar":"default","ocean_display_header":"default","ocean_header_style":"","ocean_center_header_left_menu":"0","ocean_custom_header_template":"0","ocean_custom_logo":0,"ocean_custom_retina_logo":0,"ocean_custom_logo_max_width":0,"ocean_custom_logo_tablet_max_width":0,"ocean_custom_logo_mobile_max_width":0,"ocean_custom_logo_max_height":0,"ocean_custom_logo_tablet_max_height":0,"ocean_custom_logo_mobile_max_height":0,"ocean_header_custom_menu":"0","ocean_menu_typo_font_family":"0","ocean_menu_typo_font_subset":"","ocean_menu_typo_font_size":0,"ocean_menu_typo_font_size_tablet":0,"ocean_menu_typo_font_size_mobile":0,"ocean_menu_typo_font_size_unit":"px","ocean_menu_typo_font_weight":"","ocean_menu_typo_font_weight_tablet":"","ocean_menu_typo_font_weight_mobile":"","ocean_menu_typo_transform":"","ocean_menu_typo_transform_tablet":"","ocean_menu_typo_transform_mobile":"","ocean_menu_typo_line_height":0,"ocean_menu_typo_line_height_tablet":0,"ocean_menu_typo_line_height_mobile":0,"ocean_menu_typo_line_height_unit":"","ocean_menu_typo_spacing":0,"ocean_menu_typo_spacing_tablet":0,"ocean_menu_typo_spacing_mobile":0,"ocean_menu_typo_spacing_unit":"","ocean_menu_link_color":"","ocean_menu_link_color_hover":"","ocean_menu_link_color_active":"","ocean_menu_link_background":"","ocean_menu_link_hover_background":"","ocean_menu_link_active_background":"","ocean_menu_social_links_bg":"","ocean_menu_social_hover_links_bg":"","ocean_menu_social_links_color":"","ocean_menu_social_hover_links_color":"","ocean_disable_title":"default","ocean_disable_heading":"default","ocean_post_title":"","ocean_post_subheading":"","ocean_post_title_style":"","ocean_post_title_background_color":"","ocean_post_title_background":0,"ocean_post_title_bg_image_position":"","ocean_post_title_bg_image_attachment":"","ocean_post_title_bg_image_repeat":"","ocean_post_title_bg_image_size":"","ocean_post_title_height":0,"ocean_post_title_bg_overlay":0.5,"ocean_post_title_bg_overlay_color":"","ocean_disable_breadcrumbs":"default","ocean_breadcrumbs_color":"","ocean_breadcrumbs_separator_color":"","ocean_breadcrumbs_links_color":"","ocean_breadcrumbs_links_hover_color":"","ocean_display_footer_widgets":"default","ocean_display_footer_bottom":"default","ocean_custom_footer_template":"0","osh_disable_topbar_sticky":"default","osh_disable_header_sticky":"default","osh_sticky_header_style":"default","osh_sticky_header_effect":"","osh_custom_sticky_logo":0,"osh_custom_retina_sticky_logo":0,"osh_custom_sticky_logo_height":0,"osh_background_color":"","osh_links_color":"","osh_links_hover_color":"","osh_links_active_color":"","osh_links_bg_color":"","osh_links_hover_bg_color":"","osh_links_active_bg_color":"","osh_menu_social_links_color":"","osh_menu_social_hover_links_color":"","footnotes":""},"class_list":["post-59","page","type-page","status-publish","hentry","entry"],"_links":{"self":[{"href":"https:\/\/www.gihag.at\/wp2\/wp-json\/wp\/v2\/pages\/59","targetHints":{"allow":["GET"]}}],"collection":[{"href":"https:\/\/www.gihag.at\/wp2\/wp-json\/wp\/v2\/pages"}],"about":[{"href":"https:\/\/www.gihag.at\/wp2\/wp-json\/wp\/v2\/types\/page"}],"author":[{"embeddable":true,"href":"https:\/\/www.gihag.at\/wp2\/wp-json\/wp\/v2\/users\/1"}],"replies":[{"embeddable":true,"href":"https:\/\/www.gihag.at\/wp2\/wp-json\/wp\/v2\/comments?post=59"}],"version-history":[{"count":0,"href":"https:\/\/www.gihag.at\/wp2\/wp-json\/wp\/v2\/pages\/59\/revisions"}],"wp:attachment":[{"href":"https:\/\/www.gihag.at\/wp2\/wp-json\/wp\/v2\/media?parent=59"}],"curies":[{"name":"wp","href":"https:\/\/api.w.org\/{rel}","templated":true}]}}